{"id":154,"date":"2024-12-19T15:51:01","date_gmt":"2024-12-19T14:51:01","guid":{"rendered":"https:\/\/espacearcenciel.com\/index.php\/colibri-wp\/"},"modified":"2025-11-12T10:28:26","modified_gmt":"2025-11-12T09:28:26","slug":"bienvenu-a-lespace-esat-arc-en-ciel","status":"publish","type":"page","link":"https:\/\/espacearcenciel.com\/","title":{"rendered":"Accueil"},"content":{"rendered":"\t\t<div data-elementor-type=\"wp-page\" data-elementor-id=\"154\" class=\"elementor elementor-154\" data-elementor-post-type=\"page\">\n\t\t\t\t<div class=\"elementor-element elementor-element-676e9064 e-flex e-con-boxed e-con e-parent\" data-id=\"676e9064\" data-element_type=\"container\">\n\t\t\t\t\t<div class=\"e-con-inner\">\n\t\t\t\t<div class=\"elementor-element elementor-element-d68f965 elementor-widget-divider--view-line elementor-widget elementor-widget-divider\" data-id=\"d68f965\" data-element_type=\"widget\" data-widget_type=\"divider.default\">\n\t\t\t\t<div class=\"elementor-widget-container\">\n\t\t\t\t\t\t\t<div class=\"elementor-divider\">\n\t\t\t<span class=\"elementor-divider-separator\">\n\t\t\t\t\t\t<\/span>\n\t\t<\/div>\n\t\t\t\t\t\t<\/div>\n\t\t\t\t<\/div>\n\t\t\t\t<div class=\"elementor-element elementor-element-18069431 elementor-widget elementor-widget-text-editor\" data-id=\"18069431\" data-element_type=\"widget\" data-widget_type=\"text-editor.default\">\n\t\t\t\t<div class=\"elementor-widget-container\">\n\t\t\t\t\t\t\t\t\t<div class=\"style-188 style-local-154-c1 position-relative\" data-colibri-id=\"154-c1\"><p>L\u2019Espace ESAT Arc en Ciel, situ\u00e9 \u00e0 Troyes, est un lieu o\u00f9 l\u2019art et l\u2019humain s\u2019entrelacent pour cr\u00e9er une harmonie unique. Sp\u00e9cialis\u00e9 dans la musique, notre \u00e9tablissement m\u00e9dico-social accueille des personnes en situation de handicap pour les accompagner dans leur parcours professionnel.<\/p><p>L&rsquo;Espace ESAT Arc en Ciel est un \u00e9tablissement de l&rsquo;<a href=\"https:\/\/www.apei-aube.com\/nos-activites-economique\/culture-evenementiel\/\" target=\"_blank\" rel=\"noopener\">APEI AUBE.<\/a><\/p><\/div>\t\t\t\t\t\t\t\t<\/div>\n\t\t\t\t<\/div>\n\t\t\t\t\t<\/div>\n\t\t\t\t<\/div>\n\t\t<div class=\"elementor-element elementor-element-56ac5cb e-flex e-con-boxed e-con e-parent\" data-id=\"56ac5cb\" data-element_type=\"container\">\n\t\t\t\t\t<div class=\"e-con-inner\">\n\t\t\t\t<div class=\"elementor-element elementor-element-5fa0a8d elementor-widget elementor-widget-spacer\" data-id=\"5fa0a8d\" data-element_type=\"widget\" data-widget_type=\"spacer.default\">\n\t\t\t\t<div class=\"elementor-widget-container\">\n\t\t\t\t\t\t\t<div class=\"elementor-spacer\">\n\t\t\t<div class=\"elementor-spacer-inner\"><\/div>\n\t\t<\/div>\n\t\t\t\t\t\t<\/div>\n\t\t\t\t<\/div>\n\t\t\t\t<div class=\"elementor-element elementor-element-0378f56 elementor-widget elementor-widget-heading\" data-id=\"0378f56\" data-element_type=\"widget\" data-widget_type=\"heading.default\">\n\t\t\t\t<div class=\"elementor-widget-container\">\n\t\t\t\t\t<h1 class=\"elementor-heading-title elementor-size-default\">Un espace d\u00e9di\u00e9 \u00e0 la musique et \u00e0 l\u2019\u00e9panouissement<\/h1>\t\t\t\t<\/div>\n\t\t\t\t<\/div>\n\t\t\t\t\t<\/div>\n\t\t\t\t<\/div>\n\t\t<div class=\"elementor-element elementor-element-4652f4a e-flex e-con-boxed e-con e-parent\" data-id=\"4652f4a\" data-element_type=\"container\">\n\t\t\t\t\t<div class=\"e-con-inner\">\n\t\t\t\t<div class=\"elementor-element elementor-element-7d835ff elementor-widget elementor-widget-text-editor\" data-id=\"7d835ff\" data-element_type=\"widget\" data-widget_type=\"text-editor.default\">\n\t\t\t\t<div class=\"elementor-widget-container\">\n\t\t\t\t\t\t\t\t\t<p>Depuis notre cr\u00e9ation, nous avons donn\u00e9 vie \u00e0 <strong>plus de 800 concerts<\/strong> en France et \u00e0 l\u2019\u00e9tranger, sur des sc\u00e8nes prestigieuses en Suisse, en Belgique, Antilles. Nos artistes, anim\u00e9s par la passion et la d\u00e9termination, partagent des moments d\u2019\u00e9motion et de cr\u00e9ativit\u00e9 qui transcendent les diff\u00e9rences.<\/p><p><span>Nous proposons un r\u00e9pertoire riche et vari\u00e9 \u00e0 travers \u00a06 spectacles originaux. Des classiques revisit\u00e9s aux compositions modernes, chaque performance est une invitation \u00e0 voyager dans un univers sonore unique.<\/span><\/p><p><span>Nos spectacles sont con\u00e7us pour s\u2019adapter \u00e0 tous les publics et tous les \u00e9v\u00e9nements, avec un engagement constant : offrir des exp\u00e9riences m\u00e9morables et porteuses de sens.<\/span><\/p><p>Mais notre mission ne s\u2019arr\u00eate pas \u00e0 la sc\u00e8ne. Nous proposons :<\/p><ul><li><strong>Des ateliers de musique bien-\u00eatre<\/strong>, favorisant la d\u00e9tente et le d\u00e9veloppement personnel gr\u00e2ce aux bienfaits des sons et des rythmes.<\/li><li><strong>Des formations adapt\u00e9es<\/strong>, accessibles \u00e0 tous, pour transmettre des comp\u00e9tences et ouvrir de nouvelles perspectives.<\/li><li><strong>Un accompagnement sur des projets de cr\u00e9ation musicale sur mesure<\/strong>, pour r\u00e9pondre aux besoins sp\u00e9cifiques de nos partenaires.<\/li><\/ul>\t\t\t\t\t\t\t\t<\/div>\n\t\t\t\t<\/div>\n\t\t\t\t<div class=\"elementor-element elementor-element-5f9f672 elementor-widget-divider--view-line elementor-widget elementor-widget-divider\" data-id=\"5f9f672\" data-element_type=\"widget\" data-widget_type=\"divider.default\">\n\t\t\t\t<div class=\"elementor-widget-container\">\n\t\t\t\t\t\t\t<div class=\"elementor-divider\">\n\t\t\t<span class=\"elementor-divider-separator\">\n\t\t\t\t\t\t<\/span>\n\t\t<\/div>\n\t\t\t\t\t\t<\/div>\n\t\t\t\t<\/div>\n\t\t\t\t\t<\/div>\n\t\t\t\t<\/div>\n\t\t<div class=\"elementor-element elementor-element-92d3955 e-flex e-con-boxed e-con e-parent\" data-id=\"92d3955\" data-element_type=\"container\">\n\t\t\t\t\t<div class=\"e-con-inner\">\n\t\t\t\t<div class=\"elementor-element elementor-element-5fd4c4d elementor-widget elementor-widget-spacer\" data-id=\"5fd4c4d\" data-element_type=\"widget\" data-widget_type=\"spacer.default\">\n\t\t\t\t<div class=\"elementor-widget-container\">\n\t\t\t\t\t\t\t<div class=\"elementor-spacer\">\n\t\t\t<div class=\"elementor-spacer-inner\"><\/div>\n\t\t<\/div>\n\t\t\t\t\t\t<\/div>\n\t\t\t\t<\/div>\n\t\t\t\t<div class=\"elementor-element elementor-element-d5e5192 elementor-widget elementor-widget-heading\" data-id=\"d5e5192\" data-element_type=\"widget\" data-widget_type=\"heading.default\">\n\t\t\t\t<div class=\"elementor-widget-container\">\n\t\t\t\t\t<h1 class=\"elementor-heading-title elementor-size-default\">Une aventure humaine et solidaire<\/h1>\t\t\t\t<\/div>\n\t\t\t\t<\/div>\n\t\t\t\t\t<\/div>\n\t\t\t\t<\/div>\n\t\t<div class=\"elementor-element elementor-element-8b7c14e e-flex e-con-boxed e-con e-parent\" data-id=\"8b7c14e\" data-element_type=\"container\">\n\t\t\t\t\t<div class=\"e-con-inner\">\n\t\t\t\t<div class=\"elementor-element elementor-element-82d4444 elementor-widget elementor-widget-text-editor\" data-id=\"82d4444\" data-element_type=\"widget\" data-widget_type=\"text-editor.default\">\n\t\t\t\t<div class=\"elementor-widget-container\">\n\t\t\t\t\t\t\t\t\t<p>\u00a0L\u2019Espace ESAT Arc en Ciel est bien plus qu\u2019un simple \u00e9tablissement : c\u2019est une aventure humaine, port\u00e9e par <a href=\"https:\/\/www.apei-aube.com\/nos-activites-economique\/culture-evenementiel\/\" target=\"_blank\" rel=\"noopener\">l\u2019APEI AUBE<\/a>, qui s\u2019engage au quotidien pour offrir un cadre valorisant et stimulant. Les b\u00e9n\u00e9fices g\u00e9n\u00e9r\u00e9s par nos activit\u00e9s contribuent directement \u00e0 p\u00e9renniser nos actions et \u00e0 renforcer notre impact.<\/p><p>Que vous soyez m\u00e9lomane, partenaire ou curieux de d\u00e9couvrir un projet unique, nous vous invitons \u00e0 explorer notre univers et \u00e0 rejoindre notre d\u00e9marche, o\u00f9 la musique devient un pont entre les c\u0153urs et les esprits.<\/p>\t\t\t\t\t\t\t\t<\/div>\n\t\t\t\t<\/div>\n\t\t\t\t\t<\/div>\n\t\t\t\t<\/div>\n\t\t<div class=\"elementor-element elementor-element-9bd69d1 e-flex e-con-boxed e-con e-parent\" data-id=\"9bd69d1\" data-element_type=\"container\">\n\t\t\t\t\t<div class=\"e-con-inner\">\n\t\t\t\t<div class=\"elementor-element elementor-element-3587261 elementor-widget-divider--view-line elementor-widget elementor-widget-divider\" data-id=\"3587261\" data-element_type=\"widget\" data-widget_type=\"divider.default\">\n\t\t\t\t<div class=\"elementor-widget-container\">\n\t\t\t\t\t\t\t<div class=\"elementor-divider\">\n\t\t\t<span class=\"elementor-divider-separator\">\n\t\t\t\t\t\t<\/span>\n\t\t<\/div>\n\t\t\t\t\t\t<\/div>\n\t\t\t\t<\/div>\n\t\t\t\t\t<\/div>\n\t\t\t\t<\/div>\n\t\t<div class=\"elementor-element elementor-element-5dfdaee e-flex e-con-boxed e-con e-parent\" data-id=\"5dfdaee\" data-element_type=\"container\">\n\t\t\t\t\t<div class=\"e-con-inner\">\n\t\t\t\t<div class=\"elementor-element elementor-element-f4c0791 elementor-widget elementor-widget-spacer\" data-id=\"f4c0791\" data-element_type=\"widget\" data-widget_type=\"spacer.default\">\n\t\t\t\t<div class=\"elementor-widget-container\">\n\t\t\t\t\t\t\t<div class=\"elementor-spacer\">\n\t\t\t<div class=\"elementor-spacer-inner\"><\/div>\n\t\t<\/div>\n\t\t\t\t\t\t<\/div>\n\t\t\t\t<\/div>\n\t\t\t\t<div class=\"elementor-element elementor-element-3fe7c32 elementor-widget elementor-widget-heading\" data-id=\"3fe7c32\" data-element_type=\"widget\" data-widget_type=\"heading.default\">\n\t\t\t\t<div class=\"elementor-widget-container\">\n\t\t\t\t\t<h1 class=\"elementor-heading-title elementor-size-default\">Des activit\u00e9s annexes<\/h1>\t\t\t\t<\/div>\n\t\t\t\t<\/div>\n\t\t\t\t\t<\/div>\n\t\t\t\t<\/div>\n\t\t<div class=\"elementor-element elementor-element-61b11de e-flex e-con-boxed e-con e-parent\" data-id=\"61b11de\" data-element_type=\"container\">\n\t\t\t\t\t<div class=\"e-con-inner\">\n\t\t\t\t<div class=\"elementor-element elementor-element-3067a79 elementor-widget elementor-widget-text-editor\" data-id=\"3067a79\" data-element_type=\"widget\" data-widget_type=\"text-editor.default\">\n\t\t\t\t<div class=\"elementor-widget-container\">\n\t\t\t\t\t\t\t\t\t<p><span><a href=\"https:\/\/festivaltousenzic.com\" target=\"_blank\" rel=\"noopener\">LE FESTIVAL TOUS EN ZIC<\/a> est n\u00e9 d\u2019une initiative institutionnelle de l&rsquo;\u00e9tablissement afin de promouvoir les \u00e9changes entre artistes en situation de handicap, valides et leurs publics.<br \/><\/span><\/p>\t\t\t\t\t\t\t\t<\/div>\n\t\t\t\t<\/div>\n\t\t\t\t<div class=\"elementor-element elementor-element-0ef20c9 elementor-widget-divider--view-line elementor-widget elementor-widget-divider\" data-id=\"0ef20c9\" data-element_type=\"widget\" data-widget_type=\"divider.default\">\n\t\t\t\t<div class=\"elementor-widget-container\">\n\t\t\t\t\t\t\t<div class=\"elementor-divider\">\n\t\t\t<span class=\"elementor-divider-separator\">\n\t\t\t\t\t\t<\/span>\n\t\t<\/div>\n\t\t\t\t\t\t<\/div>\n\t\t\t\t<\/div>\n\t\t\t\t\t<\/div>\n\t\t\t\t<\/div>\n\t\t<div class=\"elementor-element elementor-element-7dabaf1 e-flex e-con-boxed e-con e-parent\" data-id=\"7dabaf1\" data-element_type=\"container\">\n\t\t\t\t\t<div class=\"e-con-inner\">\n\t\t\t\t<div class=\"elementor-element elementor-element-9444a19 elementor-widget elementor-widget-text-editor\" data-id=\"9444a19\" data-element_type=\"widget\" data-widget_type=\"text-editor.default\">\n\t\t\t\t<div class=\"elementor-widget-container\">\n\t\t\t\t\t\t\t\t\t<p><a href=\"https:\/\/latelierson.com\" target=\"_blank\" rel=\"noopener\">L&rsquo;ATELIER SON<\/a>, conception de c\u00e2bles de sc\u00e8nes et d&rsquo;instruments , permet de v<span>aloriser et mettre en avant un savoir-faire technique, avec une longue exp\u00e9rience et le recul n\u00e9cessaire pour juger de la qualit\u00e9 des produits r\u00e9alis\u00e9s.<\/span><\/p>\t\t\t\t\t\t\t\t<\/div>\n\t\t\t\t<\/div>\n\t\t\t\t<div class=\"elementor-element elementor-element-14489ce elementor-widget-divider--view-line elementor-widget elementor-widget-divider\" data-id=\"14489ce\" data-element_type=\"widget\" data-widget_type=\"divider.default\">\n\t\t\t\t<div class=\"elementor-widget-container\">\n\t\t\t\t\t\t\t<div class=\"elementor-divider\">\n\t\t\t<span class=\"elementor-divider-separator\">\n\t\t\t\t\t\t<\/span>\n\t\t<\/div>\n\t\t\t\t\t\t<\/div>\n\t\t\t\t<\/div>\n\t\t\t\t\t<\/div>\n\t\t\t\t<\/div>\n\t\t<div class=\"elementor-element elementor-element-952ab42 e-flex e-con-boxed e-con e-parent\" data-id=\"952ab42\" data-element_type=\"container\">\n\t\t\t\t\t<div class=\"e-con-inner\">\n\t\t\t\t<div class=\"elementor-element elementor-element-52c77e1 elementor-widget elementor-widget-spacer\" data-id=\"52c77e1\" data-element_type=\"widget\" data-widget_type=\"spacer.default\">\n\t\t\t\t<div class=\"elementor-widget-container\">\n\t\t\t\t\t\t\t<div class=\"elementor-spacer\">\n\t\t\t<div class=\"elementor-spacer-inner\"><\/div>\n\t\t<\/div>\n\t\t\t\t\t\t<\/div>\n\t\t\t\t<\/div>\n\t\t\t\t\t<\/div>\n\t\t\t\t<\/div>\n\t\t\t\t<\/div>\n\t\t","protected":false},"excerpt":{"rendered":"<p>L\u2019Espace ESAT Arc en Ciel, situ\u00e9 \u00e0 Troyes, est un lieu o\u00f9 l\u2019art et l\u2019humain s\u2019entrelacent pour cr\u00e9er une harmonie unique. Sp\u00e9cialis\u00e9 dans la musique, notre \u00e9tablissement m\u00e9dico-social accueille des personnes en situation de handicap pour les accompagner dans leur parcours professionnel. L&rsquo;Espace ESAT Arc en Ciel est un \u00e9tablissement de l&rsquo;APEI AUBE. Un espace &hellip; <\/p>\n<p class=\"link-more\"><a href=\"https:\/\/espacearcenciel.com\/\" class=\"more-link\">Lire la suite de<span class=\"screen-reader-text\">\u00ab\u00a0Accueil\u00a0\u00bb<\/span><\/a><\/p>\n","protected":false},"author":1,"featured_media":0,"parent":0,"menu_order":0,"comment_status":"closed","ping_status":"closed","template":"","meta":{"footnotes":""},"class_list":["post-154","page","type-page","status-publish","hentry"],"featured_media_urls":[],"_links":{"self":[{"href":"https:\/\/espacearcenciel.com\/index.php\/wp-json\/wp\/v2\/pages\/154","targetHints":{"allow":["GET"]}}],"collection":[{"href":"https:\/\/espacearcenciel.com\/index.php\/wp-json\/wp\/v2\/pages"}],"about":[{"href":"https:\/\/espacearcenciel.com\/index.php\/wp-json\/wp\/v2\/types\/page"}],"author":[{"embeddable":true,"href":"https:\/\/espacearcenciel.com\/index.php\/wp-json\/wp\/v2\/users\/1"}],"replies":[{"embeddable":true,"href":"https:\/\/espacearcenciel.com\/index.php\/wp-json\/wp\/v2\/comments?post=154"}],"version-history":[{"count":50,"href":"https:\/\/espacearcenciel.com\/index.php\/wp-json\/wp\/v2\/pages\/154\/revisions"}],"predecessor-version":[{"id":6146,"href":"https:\/\/espacearcenciel.com\/index.php\/wp-json\/wp\/v2\/pages\/154\/revisions\/6146"}],"wp:attachment":[{"href":"https:\/\/espacearcenciel.com\/index.php\/wp-json\/wp\/v2\/media?parent=154"}],"curies":[{"name":"wp","href":"https:\/\/api.w.org\/{rel}","templated":true}]}}